**2. Let q be l(-2). List the prime factors of 1/((-1)/q*4).
71
Let t = 6272 + 8566. What are the prime factors of t?
2, 3, 2473
Let b = -29903 + 46283. What are the prime factors of b?
2, 3, 5, 7, 13
Let w = 459 + -1916. Let m = -995 - w. What are the prime factors of m?
2, 3, 7, 11
Let z be 125424/(-48)*1/(2/(-2)). Suppose 13*x - 4108 - z = 0. What are the prime factors of x?
11, 47
Let o(f) be the first derivative of -f**4/4 + 20*f**3/3 - 22*f**2 - 14*f + 66. What are the prime factors of o(16)?
2, 3, 17
Let a(t) = -t**2 - t. Let i(r) = 5*r**2 + 6*r + 43. Let z(j) = -3*a(j) + i(j). Let w be z(-11). Suppose 23*f - 29*f = -w. List the prime factors of f.
2, 19
Let t = 62375 + -21814. List the prime factors of t.
47, 863
Suppose -187*g = -207*g + 64900. List the prime factors of g.
5, 11, 59
Let y be ((7 - -1)/4)/(1/75). Let m(o) = o**3 + 5*o**2 + 2*o - 2. Let q be m(-2). Suppose -q = i + 3*a - y, -a + 142 = i. What are the prime factors of i?
3, 47
Suppose -22876 = -2*x - 5*f, -56810 = -8*x + 3*f + 34648. What are the prime factors of x?
3, 37, 103
What are the prime factors of 7128 + 33/((-132)/(-40))?
2, 43, 83
Suppose 4*y - 2*d - 596826 = -y - 214761, 0 = 3*d. List the prime factors of y.
3, 25471
Let n(k) be the first derivative of k**3/3 + k**2 - 3*k + 19. Let f be n(-4). Suppose -3*t + 256 = 2*b, t = 3*t - f*b - 139. List the prime factors of t.
2, 41
Suppose 308*c + 41572 = 314*c - 38618. List the prime factors of c.
3, 5, 11
Let c(d) be the second derivative of -38*d**3/3 - 24*d**2 - 6*d - 3. What are the prime factors of c(-10)?
2, 89
Suppose -7*s + 4*w = -3*s - 628, s - 4*w - 148 = 0. Let u be ((-3)/(-2))/(8/(s/15)). What are the prime factors of u*(502/4 - -1)?
11, 23
Suppose t = 8*t - 259. Suppose d - a = a + 3, 5*d + a = t. Suppose 1304 = i + d*i. What are the prime factors of i?
163
Suppose 0*i - 10*i - 930 = 0. Let p be i/9*108/(-4). Suppose -4*l + 141 = -p. List the prime factors of l.
3, 5, 7
Suppose 33*t + 41223 = -13095. Let p = -1135 - t. What are the prime factors of p?
7, 73
Let m(a) = -5*a + 153. Let t be m(32). Let o(n) = -3*n**3 - 4*n**2 + 2*n - 14. List the prime factors of o(t).
5, 7, 23
Suppose 0 = c + 2*c + 5*z - 118549, -z + 2 = 0. What are the prime factors of c?
3, 13171
Let z(d) = -2723*d - 2349. What are the prime factors of z(-11)?
2, 67, 103
Let p(a) = -4*a + 7*a**2 - 12 - 8*a**2 + 2*a**2 + 0*a. List the prime factors of p(-8).
2, 3, 7
Let u(h) = 11*h**2 + 37*h + 2105. What are the prime factors of u(-64)?
3, 7, 79
List the prime factors of 4/((12/9080)/((-27)/(-45))).
2, 227
Suppose 2*s + 185 = -1. Let d = 94 + s. Let j(z) = 197*z**3 - 2*z + 1. What are the prime factors of j(d)?
2, 7
Suppose 13664 = 24*h - 118480. What are the prime factors of h?
2, 2753
Let y = 42771 + -21177. Suppose 44*z = 36794 + y. What are the prime factors of z?
1327
Let c be 1*(-1 + 2) - -1. Suppose 0 = -11*z + 3*z + 8. What are the prime factors of z/2 + c/(-4)*-15?
2
Suppose -245392 = -122*m - 58366. What are the prime factors of m?
3, 7, 73
Suppose 20149 - 5714 = -5*t. Let z = t + 4195. List the prime factors of z.
2, 3, 109
Suppose 0 = w - 4*p + 22, 4*w + 31 = 4*p + 3. What are the prime factors of w/((-12)/(-6)) - (0 - 220)?
3, 73
Suppose -u = g - 13346 + 535, -5 = -5*g. List the prime factors of u.
2, 3, 5, 7, 61
Suppose 45*b = 38*b + 1890. Suppose 7*f - b = -3*f. What are the prime factors of f?
3
Let w = -19403 + 11043. Let b be (-4)/(-6) - w/60. Let g = -80 + b. List the prime factors of g.
2, 3, 5
Suppose -6*x = -2*x + 3*s - 1605, 0 = -x + 3*s + 420. Let v = x - 21. What are the prime factors of v?
2, 3
Suppose -55*n + 61*n + 12 = 0. What are the prime factors of n*3*181/(-3)?
2, 181
Suppose -23*z + 21*z + 2*f = -740, -2*f + 1456 = 4*z. Suppose -9*r = -z - 3351. List the prime factors of r.
7, 59
Suppose 4*c + 6 = 5*o - 8, -o - 2 = 4*c. What are the prime factors of o/(-2) + -2 + -11 + 703?
13, 53
Suppose 56231 = 169*f - 162*f. What are the prime factors of f?
29, 277
What are the prime factors of (-19554*15/(-24))/((-18)/(-96))?
2, 5, 3259
Let x(k) = 133*k**2 - 4. Let v be x(-2). Let l = v - -20. What are the prime factors of l?
2, 137
Suppose -2*m - 11*m - 16*m + 893664 = 0. List the prime factors of m.
2, 3, 107
Suppose 45*k - 46*k + p = -13239, 0 = -p. What are the prime factors of k?
3, 1471
Let f(m) = 2499*m - 4183. List the prime factors of f(10).
20807
Let s be (-13)/6*-2 - 30/(-45). Suppose 0 = -4*k - 5*a + 3424, s*a + 4325 = 5*k - 0*a. What are the prime factors of k?
3, 7, 41
Suppose -17877 = -2*u + 1303. List the prime factors of u.
2, 5, 7, 137
Let u = 13 + -21. What are the prime factors of (-26)/5*(-55 - (2 - u))?
2, 13
Let i = -8 + 11. Suppose 1351 = -i*d + 4351. What are the prime factors of d?
2, 5
Let y(c) = -6*c + 12. Let s be y(-8). Suppose -7*t = -2*t - s. Suppose t = 2*q + q. List the prime factors of q.
2
Suppose h = f - 12, -4*f + 2*f - 3*h + 24 = 0. What are the prime factors of (-4206)/(-10) + 2*f/(-40)?
2, 3, 5, 7
Suppose 0 = 5*y + v - 23180, 8*v - 7*v - 5 = 0. What are the prime factors of y?
3, 5, 103
Suppose o + 2*o - 4*z - 200 = 0, 0 = -3*o + 5*z + 196. Suppose 3*k - 42 = -3*w, 4*w + 4*k - o = -w. List the prime factors of (-3)/(4 - 1) + w.
3, 5
Let u(n) = 88*n**2 - 17*n - 306. What are the prime factors of u(-9)?
3, 5, 31
Let i(z) = -z**3 + z**2 + z - 63. Let h be i(0). What are the prime factors of (217/14)/(1 + h/64)?
2, 31
Let c be (20/15)/(4/6). Suppose 2*l + c = 38. Suppose l = r - 24. What are the prime factors of r?
2, 3, 7
Suppose -4*g + 36 = -4*u, 3*u - 5*g + 14 = -19. Let y(q) = -18*q - 11. Let h(f) = 53*f + 32. Let j(w) = 2*h(w) + 7*y(w). What are the prime factors of j(u)?
107
Suppose -7*a = -6*a + 8. Let h(j) = -2*j**2 + 8*j + 13. Let q be h(a). Let d = 342 + q. List the prime factors of d.
163
Let y(i) = 10*i**2 + 14*i + 10. Suppose -231 = -9*g - 267. What are the prime factors of y(g)?
2, 3, 19
Let a(d) = 57*d**2 - 263*d + 5525. What are the prime factors of a(24)?
5, 13, 17, 29
Let j(x) = 3*x - 44. Let h be j(5). List the prime factors of (-4)/2 + (19 - h).
2, 23
Let t be 16/(-56) + (-23)/(-7). Suppose -t = 6*n + 33. What are the prime factors of 98/(-7 + 3 - n)?
7
Suppose 0 = -0*p + 2*p + 5*q + 589, 2*q - 1190 = 4*p. Let v = 19 - p. Suppose -v = -3*i - 4. List the prime factors of i.
2, 13
Let x(r) = 6*r + 2. Let i(s) = -4*s - 1. Let q(p) = 7*i(p) + 5*x(p). Let h be q(-1). Let g(v) = 34*v**2 - 1. List the prime factors of g(h).
3, 11
Suppose 57*x - 31*x = 30*x - 97032. List the prime factors of x.
2, 3, 13, 311
Let x = -15 + -37. Let q = x + 54. Suppose 190 = q*i + 2*w - 40, 2*w = 8. List the prime factors of i.
3, 37
Suppose -65*t + 706960 - 425341 = -1624766. What are the prime factors of t?
139, 211
Let j(o) = o + 8. Let d be j(-6). Suppose -d*t + 358 = 4*b - b, 0 = 5*b + 10. What are the prime factors of t?
2, 7, 13
Let a be (-1060)/8 + -2 - (-9)/6. Let h = a + 145. List the prime factors of h.
2, 3
Let z = 2547 + -1785. Suppose -h + 3319 = 4*j, 0 = 3*j + 4*h - z - 1737. What are the prime factors of j?
829
Suppose -123*q + 530228 = -1033431 - 4591. List the prime factors of q.
2, 3, 5, 17
Suppose 5*p - 125562 = -2*x + 2988, -128510 = -2*x + 5*p. What are the prime factors of x?
5, 12853
Suppose -5*y + 3*h = -437 - 60, y - 3*h - 97 = 0. Let l = 218 + -108. Suppose -2*x = -l - y. What are the prime factors of x?
3, 5, 7
Let a = -1247 + 1621. What are the prime factors of a?
2, 11, 17
Let h(o) be the first derivative of 5 - 7/3*o**3 - 1/4*o**4 - 12*o + 11*o**2. What are the prime factors of h(-10)?
2, 17
Let k = -972 - -7790. What are the prime factors of k?
2, 7, 487
Suppose 8*p - 28*f + 33*f - 18453 = 0, p = 5*f + 2301. What are the prime factors of p?
2, 1153
Let f(d) = 4*d - 183. Let o be f(40). Let w(t) = t**3 + 27*t**2 + 23*t - 55. What are the prime factors of w(o)?
2, 383
What are the prime factors of (-458569)/(-9) - (-31)/(-290 + 11)?
2, 3, 11, 193
Suppose 266 = 4*w + 250. Suppose 3*t + w*j - 328 = 8*j, 3*j = -5*t + 508. List the prime factors of t.
2, 13
Suppose 0 = -2*q + u + 22615, 4*u + 17285 = -4*q + 62521. List the prime factors of q.
2, 11, 257
Let q be ((-9)/3)/(-3) - -15. Suppose 8*u = -q*u + 3888. What are the prime factors of u?
2, 3
Let k be (